194
In base 8, what is -2516 - -1?
-2515
In base 7, what is -55503 + -2?
-55505
In base 5, what is 204 + -40230?
-40021
In base 11, what is 51 - -467?
508
In base 15, what is -c0644 + -4?
-c0648
In base 16, what is -e628 + 8?
-e620
In base 5, what is 1 + -3314324?
-3314323
In base 5, what is -413 + 2133143?
2132230
In base 16, what is 9ebf9a - 2?
9ebf98
In base 9, what is -225 + -6030?
-6255
In base 16, what is 6 + 48d6c?
48d72
In base 2, what is -1000 + -10111100111?
-10111101111
In base 5, what is 3 + -2332334?
-2332331
In base 4, what is -122 + -112332?
-113120
In base 13, what is -4 + ca22?
ca1b
In base 4, what is -100032 - -330?
-33102
In base 7, what is -143051 + 4?
-143044
In base 6, what is -100120 + 10?
-100110
In base 14, what is 648d - -2?
6491
In base 11, what is -656 + -77?
-722
In base 10, what is 91508 - -4?
91512
In base 8, what is -43 - 72176?
-72241
In base 3, what is 212 + -1201021011?
-1201020022
In base 10, what is -20 + -95?
-115
In base 8, what is 3 + 1730?
1733
In base 8, what is 35222 - -123?
35345
In base 6, what is 40434530 + 4?
40434534
In base 5, what is 104 + -2220231?
-2220122
In base 16, what is -610ce + 4?
-610ca
In base 8, what is -1 - -761144?
761143
In base 4, what is -3 - 221303010?
-221303013
In base 5, what is 23000 - 31?
22414
In base 14, what is 68da + 11?
690b
In base 2, what is -10001100111001 + -101?
-10001100111110
In base 7, what is 63123 - 0?
63123
In base 2, what is -10011011111001 + -101?
-10011011111110
In base 15, what is -c + -188?
-195
In base 10, what is -2 + 1507546?
1507544
In base 10, what is -63 - -9556?
9493
In base 14, what is -5 - daa03?
-daa08
In base 6, what is 5530111 - -1?
5530112
In base 7, what is -165564 - 0?
-165564
In base 14, what is 218d - 67?
2126
In base 13, what is -3 - -49ab5c?
49ab59
In base 7, what is -10 + 212331?
212321
In base 5, what is 3003430 - 10?
3003420
In base 7, what is 15153 - 25?
15125
In base 15, what is 18cc + 28?
1905
In base 12, what is -1a58 + -18?
-1a74
In base 13, what is -78a9aa - -1?
-78a9a9
In base 4, what is 33331310 + -1?
33331303
In base 13, what is 1 + 4b28b?
4b28c
In base 13, what is 0 + 3614?
3614
In base 3, what is 202022200 - 10?
202022120
In base 9, what is -183412 - -3?
-183408
In base 4, what is -220021012 - -2?
-220021010
In base 3, what is 11 + 202100201?
202100212
In base 10, what is -7 - -111?
104
In base 4, what is -10300 - -2013?
-2221
In base 4, what is -132112000010 + -11?
-132112000021
In base 14, what is 9a6 + 7?
9ad
In base 14, what is -99a2c - 8?
-99a36
In base 16, what is 3 - -16fb?
16fe
In base 3, what is -102 - 21210102221?
-21210110100
In base 9, what is 38 - 218?
-170
In base 12, what is -1 + 63192?
63191
In base 11, what is 16a73 - 3?
16a70
In base 14, what is -28 - -865a?
8632
In base 12, what is 4 + 184b5?
184b9
In base 2, what is 0 + -11101001000101110001?
-11101001000101110001
In base 4, what is -312 - -1110012?
1103100
In base 13, what is 32390 + -4b?
32342
In base 12, what is 61 + 81b2?
8253
In base 9, what is 226 - -88?
325
In base 11, what is 30 - 13986?
-13956
In base 8, what is 2 + 710352?
710354
In base 12, what is -a + -78576?
-78584
In base 5, what is -3110323 - 122?
-3111000
In base 13, what is 334 + -344?
-10
In base 3, what is 1012221 - 122?
1012022
In base 16, what is -3 - -e7d5?
e7d2
In base 9, what is 33431 + 57?
33488
In base 4, what is 10 - -1010320133?
1010320203
In base 11, what is 1 + 91a?
920
In base 11, what is 5717 + -10?
5707
In base 14, what is -196 + a3a?
884
In base 9, what is 31230 + -25?
31204
In base 16, what is -5 + -3355?
-335a
In base 12, what is -4407 - 0?
-4407
In base 3, what is -121 + 1020222221?
1020222100
In base 8, what is 3257 - -1171?
4450
In base 16, what is 1e + 8?
26
In base 14, what is -2310ba + -7?
-2310c3
In base 14, what is 1a + 477?
493
In base 16, what is -9 - 26a?
-273
In base 12, what is -184 - 11?
-195
In base 2, what is -10 - 1101110101101101101?
-1101110101101101111
In base 9, what is 5 - 83771?
-83765
In base 16, what is 2125 - a?
211b
In base 3, what is 1200 - 1002011?
-1000111
In base 10, what is -8 - 120314?
-120322
In base 16, what is -becf04 - -2?
-becf02
In base 8, what is -10 + -2705?
-2715
In base 7, what is -3252 + 31?
-3221
In base 3, what is -1020112 + 1002100?
-11012
In base 7, what is 3 - -3143551?
3143554
In base 9, what is -8 - -3765?
3756
In base 11, what is a86 - -113?
1099
In base 13, what is 1c - -2c84?
2ca3
In base 2, what is -10011000110 - 1100010?
-10100101000
In base 13, what is -4b42a4 + -5?
-4b42a9
In base 6, what is 31 + 3424323?
3424354
In base 16, what is -3 + 199b3?
199b0
In base 6, what is -510 - 2403?
-3313
In base 2, what is -1111000101 - -1101?
-1110111000
In base 11, what is -1427 - -1318?
-10a
In base 7, what is 166626 - 3?
166623
In base 15, what is -3 - 44b5?
-44b8
In base 11, what is -a109 + -2?
-a110
In base 10, what is -3 - -3957?
3954
In base 10, what is 101658 - 5?
101653
In base 14, what is 740 - 4?
73a
In base 5, what is 4 + -301210411?
-301210402
In base 13, what is -1 - 886?
-887
In base 16, what is -16 - 25db?
-25f1
In base 14, what is 1a + 1221?
123b
In base 15, what is c77d + 7?
c785
In base 8, what is 126312 + -13?
126277
In base 12, what is -44a + -391?
-81b
In base 10, what is -31 + 41769?
41738
In base 7, what is 2 + -42115?
-42113
In base 2, what is 1001001001100101 - 1000?
1001001001011101
In base 15, what is -26 + -4531?
-4557
In base 7, what is 53 + 3154?
3240
In base 6, what is -11230 - 4?
-11234
In base 2, what is 11111011010001011 - 100?
11111011010000111
In base 8, what is 6434 + 123?
6557
In base 3, what is -10101222200 + 1?
-10101222122
In base 9, what is 51064 - 3?
51061
In base 3, what is -1 + 2021221121?
2021221120
In base 3, what is 2201 - 111002?
-101101
In base 16, what is -a - 128?
-132
In base 9, what is -84 - -5855?
5761
In base 16, what is 20f5e - -1?
20f5f
In base 3, what is 2022120 - 200?
2021220
In base 7, what is 2033 + -153?
1550
In base 8, what is -214642 + 5?
-214635
In base 15, what is 2450 + -4?
244b
In base 15, what is -2c6 + -32?
-308
In base 4, what is 1020 + -120331?
-113311
In base 14, what is -64a6 - 4?
-64aa
In base 14, what is 4 - -4461?
4465
In base 13, what is 1504 + 21?
1525
In base 9, what is 5828 - -331?
6260
In base 4, what is -13 - 233221?
-233300
In base 11, what is 4 - -12a71?
12a75
In base 15, what is -c0 + 1357?
1287
In base 8, what is 2634750 + -4?
2634744
In base 16, what is 31 + 208?
239
In base 5, what is 433 - 133314?
-132331
In base 7, what is -4 - 51214?
-51221
In base 11, what is -1594 + 3?
-1591
In base 3, what is 1221 + -1110022100?
-1110020102
In base 15, what is -4 + -59d2?
-59d6
In base 8, what is 1633 - 11?
1622
In base 6, what is -103011 - -2?
-103005
In base 16, what is -56c - 6?
-572
In base 10, what is -222179 + 15?
-222164
In base 9, what is -4 - 2342?
-2346
In base 2, what is 10100100 - -101011110110?
101110011010
In base 11, what is -1 - 25409?
-2540a
In base 13, what is -13c15a4 + -1?
-13c15a5
In base 5, what is 31220 + 12?
31232
In base 8, what is 12772635 + -2?
12772633
In base 14, what is -21 - -399b?
397a
In base 4, what is 1 + -312303100?
-312303033
In base 3, what is -1 - 1122022120?
-1122022121
In base 6, what is 14401 - -2501?
21302
In base 14, what is 627b6c - -1?
627b6d
In base 10, what is 7602 - -22?
7624
In base 7, what is -366513 - 4?
-366520
In base 2, what is 1000111111100101001 - 11?
1000111111100100110
In base 9, what is 281021 - -4?
281025
In base 4, what is 110302033 + -11?
110302022
In base 8, what is -6765 - 10?
-6775
In base 3, what is 11102002 - -100?
11102102
In base 2, what is -10001101010111110100 - 101?
-10001101010111111001
In base 4, what is 13200 + 1000200?
1020000
In base 9, what is 45 - -521?
566
In base 3, what is -1011120 + 21?
-1011022
In base 2, what is 100101110 + 11001001?
111110111
In base 2, what is 10010 + 101000001111001100?
101000001111011110
In base 10, what is 7 - 70?
-63
In base 6, what is -23401 + -553?
-24354
In base 2, what is 101 + 1110001010111110?
1110001011000011
In base 7, what is -3501463 + -5?
-3501501
In base 3, what is 122010010121 + 0?
122010010121
In base 5, what is 14101 + -323?
13223
In base 9, what is 251567 - 1?
251566
In base 3, what is -221101122 - 112?
-221102011
I